se -j - 2*j - u = 0. Let a(b) = -3*b**3 - 13*b**2 + 10*b + 7. What is the units digit of a(j)?
7
Suppose -321317 + 1585053 = 376*g. What is the tens digit of g?
6
Let g(p) = -p**2 - 9*p + 24. Let o be g(-13). Let f = 108 - o. What is the tens digit of f?
3
Let o(k) = -21*k - 24. Let z be o(-2). Let v(b) = b**2 - 10*b - 131. What is the tens digit of v(z)?
1
Let n(z) = -z**2 + 14*z + 3. Let y be (-1)/(-2) - (-48)/(-32). Let d be y - 15*(-4 - -3). What is the units digit of n(d)?
3
What is the tens digit of 152/(-20) - (-19 - -12) - 59673/(-5)?
3
Let s = 620 + -62. Suppose 0 = 198*j - 200*j + s. What is the hundreds digit of j?
2
Let o(y) = -y**3 + 4*y - 1. Let l(g) = -4*g**3 + 9*g**2 + 3*g + 4. Let x(c) = l(c) - 3*o(c). Let s be (9/(-4))/(9/(-24)). What is the units digit of x(s)?
1
Let d = 4978 + 15659. What is the thousands digit of d?
0
Suppose -5*h + 105 = 35. Let y(a) = 3*a**3 + h - 4*a**3 - 24 - 12*a. What is the units digit of y(-4)?
2
Let b(v) = 11*v**3 + 4*v - 13. Let s be b(2). Let o = 114 - s. What is the units digit of o?
1
Suppose -14*w - 70435 = -645459 - 214016. What is the ten thousands digit of w?
5
Suppose 459485 - 1674545 = -70*g. What is the ten thousands digit of g?
1
Let f = -82 - -3457. What is the tens digit of f/(-6)*(-2)/3?
7
Suppose 0 = -4*c - 5*c + c. Suppose 4*n = -3*t - 7, -t - 13 = -4*n - c. Suppose n*z + 3*x - 239 = 0, -x + 116 = z - 3*x. What is the tens digit of z?
1
What is the thousands digit of (2 - -9476) + (-11)/(-33)*15?
9
Let k be (17/(-51))/((-2)/18). Let d(z) = 2*z**3 - 4*z**2 + z. Let u be d(k). Let x = u + 119. What is the hundreds digit of x?
1
What is the thousands digit of 2/14 + 4/(168/110538)?
2
Let y(d) = -d**2 + 97*d - 13. What is the hundreds digit of y(25)?
7
Suppose -16*u + 88667 = -11*u - 2*q, 4*u + 5*q - 70960 = 0. What is the hundreds digit of u?
7
Suppose 5309349 = 129*c + 1937547. What is the thousands digit of c?
6
Let z be 644/105 + (-4)/30. Suppose -t - z*t = -35. Suppose -t*p + 366 = -p - 3*u, -196 = -2*p - 5*u. What is the units digit of p?
3
Let d(j) = -51*j + 2642. What is the units digit of d(-41)?
3
Let c(h) be the second derivative of 7*h**4/6 + h**3/6 - 73*h**2/2 + 18*h. What is the hundreds digit of c(-11)?
6
Suppose 20*f + 25*f = -2*f + 854460. What is the hundreds digit of f?
1
Let y(a) = 16*a + 29. Let s be y(-2). Let q(b) = -4*b**3 + 5*b**2 - 5*b - 26. What is the units digit of q(s)?
2
Suppose -24 + 18 = -u. What is the tens digit of -1 - 20/(-6)*(84 + u)?
9
Let b(q) = 13*q**2 + 17*q - 13. Let i(m) = -30*m**2 - 35*m + 25. Let r(n) = 5*b(n) + 2*i(n). What is the units digit of r(-7)?
5
Suppose s = r - s + 1, -2*s = -2*r + 4. Suppose -3*p - r*q + 3213 = 0, 5*p - 5392 = -8*q + 12*q. What is the tens digit of p?
7
Let s = -610 - -1207. Let r = 973 - s. What is the tens digit of r?
7
Let z be (0 - -2)/((-2)/(-27)). Let l(b) = b + 2*b**3 + 89 - 27*b**2 - 2*b + z*b**2. What is the tens digit of l(0)?
8
What is the tens digit of (18/(-36)*17679)/((-6)/4)?
9
Suppose -4*f + 492 = -f. Let q = -233 - -239. Suppose 2*i = q + f. What is the tens digit of i?
8
Suppose 18*m - 56 + 596 = 0. What is the units digit of (((-2960)/(-24))/(-5))/(4/m)?
5
Let p(b) = 952*b + 57. Let z be p(6). Suppose 0 = -11*c + z + 3526. Suppose -4*k + 95 + c = 0. What is the tens digit of k?
3
Suppose 0 = p + 9*m - 5*m - 24, 44 = 3*p + 5*m. Suppose 18*l + p*l - 12402 = 0. What is the hundreds digit of l?
4
Suppose 11 = 4*l - 3*s, l + 3*s - 9 = 5*s. Let a = l - -260. What is the units digit of a?
9
Suppose -83350 = 1895*p - 1900*p + 53560. What is the thousands digit of p?
7
Suppose 0 = 1087*k - 1059*k - 658000. What is the units digit of k?
0
Suppose 0 = -5*q - w + 19524, 3*q = -347*w + 351*w + 11719. What is the units digit of q?
5
Suppose 0 = 5*s + 3*a + 112, -5*s = -7*s + 5*a - 20. Let d(r) = -8*r - 16. What is the tens digit of d(s)?
4
Let a(y) = 51*y**2 - y. Let r = 35 - 33. Suppose 0*z = 2*z - r. What is the units digit of a(z)?
0
What is the units digit of ((-256194)/1806)/((-3)/119)?
7
Let r = -175 - -264. Suppose r*o - 2009 = 82*o. What is the units digit of o?
7
Let t(i) = -229*i + 14. Let j be t(-4). Suppose -140 = -10*l - j. What is the tens digit of (l/2)/((-3)/6)?
7
Let m(j) = -66*j + 1. Let p(k) be the second derivative of -k**3/2 - 10*k**2 - 14*k. Let s be p(-6). What is the units digit of m(s)?
3
What is the hundreds digit of (33/(1023/1259282))/(-2 + 4)?
3
Suppose 3*y - 9 = -0*y. Suppose 0 = -y*w + 2 + 22. Suppose w*a - 5 = 35. What is the units digit of a?
5
Let q(l) be the second derivative of 25*l**3/6 + 7*l**2/2 + 9*l. Let d be q(3). Suppose -6*t + 11*t + 29 = 3*n, -2*t = 4*n - d. What is the tens digit of n?
1
Let r(c) = 2*c**3 + 91*c**2 - 46*c - 17. Let p be r(-46). Let w(l) = 2*l**2 - 47*l + 101. What is the units digit of w(p)?
8
Suppose 7*z - 2*z - 2*y - 9 = 0, -4*y + 18 = 2*z. Let g(i) = -i**2 + 1. Let u(a) = -12*a**2 + a + 4. Let k(x) = z*g(x) - u(x). What is the tens digit of k(-3)?
8
Let v be ((-3)/(-6))/(8/48*3). What is the units digit of (-36 - -37)/(v/651)?
1
Let j(z) = 2*z + 1560. Let i be j(0). Suppose 0 = -2*w + 964 + i. What is the hundreds digit of w?
2
Let v = 2913 - 1782. Suppose -v - 829 = -5*f. Let q = f - 270. What is the hundreds digit of q?
1
What is the units digit of ((-4)/(12/3))/(-4*(-7)/(-342412))?
9
Suppose -89 = -p - 4*m + 808, -4*m = 4*p - 3624. Let j = p + -273. What is the tens digit of j?
3
Let m = 175 - 179. Let d(g) = -5*g + 3. Let r be d(-3). What is the units digit of m/r + (-3760)/(-72)?
2
Suppose 0 = 25*l + 43*l + 68. Let j(m) = -587*m**3 + 5*m**2 + 4*m - 1. What is the units digit of j(l)?
7
Let b = -4294 + 9893. What is the tens digit of b?
9
Let w = 12 - 57. Let f be ((-80)/100)/((-2)/w). What is the units digit of (85/(-15))/(2/f)?
1
Let v(u) = 1. Let i(h) = -h**2 + 10*h - 6. Let n(a) = i(a) - v(a). Let z be n(8). What is the units digit of (0 + z)/(0 - -1)?
9
Let l(o) = o**3 + 29*o**2 + 10*o + 54. Let z(y) = -3*y**3 - 85*y**2 - 29*y - 161. Let i(j) = -11*l(j) - 4*z(j). What is the hundreds digit of i(-15)?
3
Let c(d) = -7*d**2 - 2*d + 1. Let i be c(-1). What is the tens digit of 316 + 0 + 0 + i?
1
Let a(h) = h**2 + 3*h - 8. Let u(q) = -q**2 - 2*q + 9. Let k(d) = -6*a(d) - 7*u(d). Let s = -161 + 153. What is the units digit of k(s)?
1
Suppose 12405 - 3201 = -39*h. Let d = 57 + -107. Let r = d - h. What is the tens digit of r?
8
Let x = -10025 - -19935. What is the tens digit of x?
1
Suppose -2*t - 4 = 0, 4*f - 3*t - 6 - 8 = 0. What is the units digit of (-703 + -35)*f/(-4)?
9
Let a = 66 - 70. What is the units digit of (20/8)/(a/(-5544)*7)?
5
Suppose 0 = -0*z + 2*z - i - 17, 4*i = -4*z + 64. Suppose -z*m + 7*m = -1776. Suppose 35*f - 31*f = m. What is the tens digit of f?
1
Let k = 479 + -246. Suppose k = 4*a - 3*u, -3*a + 20 + 158 = u. What is the units digit of a?
9
Suppose -3*y + 10*y - 3276 = 0. Suppose 2*t - y = 4*h, 3*h - 6*h = t - 244. Suppose 3*i = 2*w - 236, -2*w + 2 = -2*i - t. What is the tens digit of w?
2
Suppose -2*b + 99 = b. Suppose -4*u + b = 21. Suppose -336 = -9*l + u*l. What is the tens digit of l?
5
Let t(x) = 4*x**2 - 8*x - 3499. What is the hundreds digit of t(87)?
0
Let z(h) = h**3 - 11*h**2 + 2*h - 17. Let x be z(11). Suppose x*q = -2*q + 21. Suppose 5*b - 2*v = 2*v + 634, 532 = 4*b + q*v. What is the tens digit of b?
3
Suppose 10*c - 26*c + 76670 = 6*c. What is the thousands digit of c?
3
Let r = 84 - 60. Let y be (-6)/r + 1*878/(-8). Let w = 121 + y. What is the tens digit of w?
1
Let g(v) = -371*v**3 + 6*v + 6. Let z be 6/12*5/((-15)/6). What is the hundreds digit of g(z)?
3
Let c = 7878 - 2133. What is the tens digit of (c/(-12))/((-10)/16)?
6
Suppose -4*m - 2*n + 52 = 0, -m - 3*m - 5*n = -52. Suppose m*g = 6520 + 14098. What is the hundreds digit of g?
5
Let t = 28 - 26. Suppose t*o - 198 = -s, 501 = -5*o + 10*o + 4*s. What is the units digit of o?
7
What is the hundreds digit of -14 + (-1416)/(-102) - 239874/(-34)?
0
Let d(f) = 229*f - 7164. What is the units digit of d(96)?
0
Suppose -103*b + 82*b + 56280 = 0. Let f = b + -1744. What is the units digit of f?
6
Suppose 4*u + 4 = 0, 16*u = 4*s + 20*u - 28. Suppose -3240 - 248 = -s*a. What is the tens digit of a?
3
What is the hundreds digit of (-4635654)/(